9 prime?
True
Is 3499 composite?
False
Is 1857 a prime number?
False
Is 15161 prime?
True
Is 372557 a composite number?
True
Is 29182 prime?
False
Is 255383 a prime number?
True
Is 8279 prime?
False
Is 552283 a prime number?
True
Is 52517 a prime number?
True
Is 404366 prime?
False
Is 238627 composite?
False
Is 13259 a composite number?
False
Is 821207 prime?
True
Is 16729 prime?
True
Is 526189 a prime number?
True
Is 17033 a prime number?
True
Is 28537 composite?
False
Is 839 composite?
False
Is 313869 a prime number?
False
Is 36857 a prime number?
True
Is 29917 a composite number?
False
Is 17021 a prime number?
True
Is 47449 prime?
False
Is 1966493 a composite number?
False
Is 153689 prime?
True
Is 290138 a composite number?
True
Is 919511 prime?
True
Is 3161 a composite number?
True
Is 46303 prime?
False
Is 2845 a composite number?
True
Is 166909 a prime number?
True
Is 23117 prime?
True
Is 1703 prime?
False
Is 39979 prime?
True
Is 2719 a prime number?
True
Is 98267 prime?
False
Is 6007 a composite number?
False
Is 12853 prime?
True
Is 718 prime?
False
Is 81799 composite?
False
Is 66013 prime?
False
Is 2101 a composite number?
True
Is 2603819 a prime number?
True
Is 17635 prime?
False
Is 2513 a prime number?
False
Is 1757 composite?
True
Is 5444771 composite?
False
Is 495887 a prime number?
False
Is 29901 composite?
True
Is 4391 a prime number?
True
Is 73901 prime?
False
Is 457274 a prime number?
False
Is 251387 a prime number?
True
Is 91111 a composite number?
True
Is 1202819 a composite number?
False
Is 169259 a composite number?
False
Is 1211 a prime number?
False
Is 40757 a prime number?
False
Is 289093 composite?
True
Is 2521 composite?
False
Is 39649 a composite number?
True
Is 7696031 a composite number?
True
Is 32647 a prime number?
True
Is 10079 composite?
False
Is 21923 prime?
False
Is 196799 prime?
True
Is 122809 a prime number?
False
Is 9967 a composite number?
False
Is 13553 a prime number?
True
Is 91367 a prime number?
True
Is 67243 prime?
False
Is 163522 prime?
False
Is 5899 prime?
False
Is 68759 a prime number?
False
Is 841 a composite number?
True
Is 561391 composite?
True
Is 5567 composite?
True
Is 67927 composite?
False
Is 118453 a prime number?
True
Is 380735 prime?
False
Is 234919 a composite number?
True
Is 2088787 a prime number?
True
Is 60141 prime?
False
Is 1213 composite?
False
Is 350522 composite?
True
Is 532339 prime?
False
Is 30053 composite?
True
Is 33503 a prime number?
True
Is 1107677 a prime number?
True
Is 315011 prime?
True
Is 455527 composite?
False
Is 489667 a prime number?
False
Is 9413 composite?
False
Is 3309 a composite number?
True
Is 11443 a composite number?
False
Is 193937 composite?
False
Is 25763 a composite number?
False
Is 252431 composite?
False
Is 877 a prime number?
True
Is 22709 composite?
False
Is 24569 a prime number?
False
Is 3761 composite?
False
Is 7517 a composite number?
False
Is 25257 a composite number?
True
Is 22141 a prime number?
False
Is 18709 composite?
True
Is 641993 a prime number?
False
Is 2766059 composite?
False
Is 2333 prime?
True
Is 21311 prime?
False
Is 95129 a composite number?
True
Is 2437 composite?
False
Is 230531 a composite number?
True
Is 271907 a prime number?
False
Is 130199 a prime number?
True
Is 9479 a prime number?
True
Is 8347 prime?
False
Is 16787 a composite number?
False
Is 309241 prime?
True
Is 122563 a composite number?
True
Is 506663 a composite number?
False
Is 57917 a composite number?
False
Is 327 prime?
False
Is 9257 composite?
False
Is 855461 a prime number?
True
Is 77971 composite?
True
Is 71917 a composite number?
False
Is 3127 a prime number?
False
Is 90971 a composite number?
False
Is 29299 a prime number?
False
Is 170047 a composite number?
False
Is 124855 prime?
False
Is 43541 a composite number?
False
Is 349793 a prime number?
True
Is 125863 prime?
True
Is 364379 a composite number?
False
Is 186769 a composite number?
True
Is 216061 a composite number?
False
Is 21041 a prime number?
False
Is 7019 a prime number?
True
Is 270059 prime?
True
Is 37627 composite?
True
Is 198249 a composite number?
True
Is 42919 a prime number?
False
Is 4621 prime?
True
Is 43647 prime?
False
Is 3299 a composite number?
False
Is 367 a prime number?
True
Is 8803 composite?
False
Is 113683 prime?
True
Is 114419 a composite number?
False
Is 6599 prime?
True
Is 203969 a composite number?
False
Is 2984419 a prime number?
False
Is 250103 a prime number?
False
Is 382273 prime?
False
Is 37211 composite?
True
Is 338659 a composite number?
False
Is 13873 prime?
True
Is 40786 composite?
True
Is 299359 a composite number?
False
Is 444697 composite?
True
Is 261959 composite?
False
Is 20219 prime?
True
Is 707357 a composite number?
True
Is 95871 a prime number?
False
Is 495529 prime?
False
Is 300217 prime?
False
Is 28153 composite?
True
Is 39943 a prime number?
False
Is 28019 composite?
False
Is 131611 a composite number?
False
Is 102535 a prime number?
False
Is 201693 a composite number?
True
Is 1366687 prime?
False
Is 116803 a prime number?
True
Is 1955179 a composite number?
False
Is 69427 prime?
True
Is 143783 prime?
False
Is 12827 prime?
False
Is 1657 a composite number?
False
Is 14281 a prime number?
True
Is 529753 a composite number?
True
Is 13309 composite?
False
Is 3981 a prime number?
False
Is 18593 composite?
False
Is 17231 a composite number?
False
Is 12171 a prime number?
False
Is 10649 composite?
True
Is 63449 a prime number?
False
Is 201389 prime?
True
Is 276455 a prime number?
False
Is 773339 prime?
False
Is 11399 composite?
False
Is 9733 a composite number?
False
Is 24454 composite?
True
Is 2681 a composite number?
True
Is 6542 a composite number?
True
Is 114151 composite?
True
Is 21547 composite?
True
Is 109997 composite?
True
Is 271801 composite?
True
Is 44827 a prime number?
False
Is 145955 composite?
True
Is 2554 composite?
True
Is 816229 prime?
False
Is 299567 composite?
False
Is 11789 a composite number?
False
Is 1117 prime?
True
Is 777541 prime?
True
Is 278321 a prime number?
True
Is 3158033 a composite number?
False
Is 53689 prime?
False
Is 374501 prime?
True
Is 223667 a prime number?
True
Is 1940179 a prime number?
False
Is 191899 a prime number?
True
Is 647131 composite?
False
Is 6907 a composite number?
False
Is 2745971 a prime number?
True
Is 1419423 prime?
False
Is 9155 composite?
True
Is 31307 a composite number?
False
Is 1325977 a composite number?
False
Is 10399 prime?
True
Is 39293 a prime number?
True
Is 72817 composite?
False
Is 559453 a prime number?
False
Is 29059 a composite number?
False
Is 14257 prime?
False
Is 3075161 prime?
True
Is 86937 a prime number?
False
Is 40099 a composite number?
False
Is 3989 a composite number?
False
Is 74911 a prime number?
False
Is 1978769 composite?
True
Is 36427 a prime number?
False
Is 137567 prime?
True
Is 3766651 composite?
True
Is 72337 prime?
True
Is 133234 a composite number?
True
Is 7427 prime?
False
Is 115531 a prime number?
False
Is 1229707 prime?
True
Is 87853 composite?
False
Is 265693 composite?
True
Is 218677 composite?
False
Is 449543 prime?
True
Is 603347 composite?
True
Is 27397 a composite number?
False
Is 15959 prime?
True
Is 71009 a prime number?
False
Is 203037 a composite number?
True
Is 7747 composite?
True
Is 284041 prime?
True
Is 11959 prime?
True
Is 1081 composite?
True
Is 7601 a composite number?
True
Is 241907 composite?
False
Is 2489 a composite number?
True
Is 47683 prime?
False
Is 15811 a composite number?
True
Is 1909 prime?
False
Is 6458 a prime number?
False
Is 149851 a composite number?
True
Is 14123 a composite number?
True
Is 222247 composite?
False
Is 7537 a prime number?
True
Is 432023 a prime number?
True
Is 23083 a prime number?
False
Is 1236583 a prime number?
True
Is 452161 composite?
False
Is 8617 a composite number?
True
Is 829121 composite?
False
Is 113081 composite?
False
Is 3643 a composite number?
False
Is 164231 prime?
True
Is 3691 prime?
True
Is 4912481 prime?
False
Is 29473 a prime number?
True
Is 205481 a composite number?
True
Is 129671 a prime number?
True
Is 4585283 composite?
False
Is 63907 prime?
True
Is 179161 prime?
True
Is 74143 a prime number?
True
Is 1230301 a prime number?
True
Is 75913 a composite number?
False
Is 111893 composite?
